3 = -i - p*i. Let j = x + 0. What are the prime factors of j?
2
Let m(r) = -47*r**2 + r + 5. Let s(p) = -48*p**2 + p + 6. Let w(h) = -4*m(h) + 3*s(h). What are the prime factors of w(-1)?
43
Let j(f) = f**2 + 8*f + 6. Let o be j(-8). Let w(m) = 2*m**2 - 8*m - 5. What are the prime factors of w(o)?
19
Suppose 4*d + 8 = -b - 2*b, 0 = 5*b - d + 21. Let r be ((-2)/b)/((-4)/(-48)). Let m = 14 - r. List the prime factors of m.
2
Let p = -1 + 4. Suppose l = p*i + 11, -4 = -l - 0*l - 4*i. List the prime factors of l.
2
Let c = -5 + 7. Let k(x) = 0*x**c - 6*x**2 - 3 + 7 + 3 + x**3 + 6*x. List the prime factors of k(5).
2, 3
Suppose 3*v - 7*v = -220. List the prime factors of v.
5, 11
Suppose -2*h - 6 = 48. Let o = h - -43. List the prime factors of o.
2
What are the prime factors of 31/(24/(-9) - -3)?
3, 31
Let x(m) = -m - 1 + m + 6*m - m. List the prime factors of x(1).
2
Let d be 8/(-10)*5/1. List the prime factors of (-18)/d*4/6.
3
Let g(t) be the first derivative of -t**3/3 - 4*t**2 - 1. Let n(a) = a - 6. Let o be n(0). What are the prime factors of g(o)?
2, 3
Let r be (-2)/(-4)*40/5. Suppose 0 = r*h - 0*h - 72. Let z = 29 - h. What are the prime factors of z?
11
Let z(b) = -b - 3. Let v be z(-4). Suppose 0 = 2*a + a + 18. Let l = v - a. List the prime factors of l.
7
Suppose -4*i - 27 + 86 = 3*q, 2 = i. Let o = -10 + q. What are the prime factors of o?
7
Let q = 1 - -6. Let f(d) = -d**2 + 9*d - 10. Let o be f(q). Suppose -o = -j + 1. List the prime factors of j.
5
Let q(v) be the second derivative of -v**5/60 - v**4/2 - v**3 - v**2/2 + v. Let x(l) be the first derivative of q(l). List the prime factors of x(-11).
5
Suppose -n = -3*n - 4*y - 16, -5*n + y = -4. Let f = n - -5. Suppose f*r - 99 = -2*s, -2*s - 5 - 67 = -4*r. What are the prime factors of r?
19
Let x(o) = -o**2 - 6*o + 7. Let c be x(-7). Suppose 2*m + 5*z + 22 = c, -2*m + 3*z - 38 = -0*z. Let v = 24 + m. What are the prime factors of v?
2
Let k(n) = n**3 + 9*n**2 - 14*n. What are the prime factors of k(-10)?
2, 5
Let v(i) = -i**2 + 4*i + 4. Let c be v(4). What are the prime factors of (-7)/c*(-9 - 3)?
3, 7
Suppose g + 571 = 5*g - 5*t, 0 = -t - 3. List the prime factors of g.
139
Let s = 45 - 15. Suppose 2*h = 5*d + 38, -h + s = -4*d + 2. Let l = -4 - d. List the prime factors of l.
2
Let t(u) = 4*u - 19. Let f(h) = -h + 4. Let z(y) = -11*f(y) - 2*t(y). What are the prime factors of z(4)?
2, 3
Let x(z) = 12*z - 14. Let k(g) = -g + 1. Let q(j) = -42*k(j) - 3*x(j). Let r = -2 - -4. What are the prime factors of q(r)?
2, 3
Suppose -3*k = -7*n + 6*n - 316, 0 = -5*k + 2*n + 527. What are the prime factors of k?
3, 5, 7
Let f = 73 + -134. What are the prime factors of f/(-3) + (-18)/(-27)?
3, 7
Suppose -a - w - 3*w + 55 = 0, -4*a + 4*w = -300. List the prime factors of a.
71
Suppose 3*p - 105 = -4*l, -4*p + 60 = 3*l - l. List the prime factors of ((-8)/(-6))/(2/l).
2
Let a = -145 + 203. List the prime factors of a.
2, 29
Let q(c) = 25*c - 2. What are the prime factors of q(1)?
23
Let i(r) = -4*r. Let t(q) = -q**2 + 4*q - 1. Let j be t(4). What are the prime factors of i(j)?
2
Suppose 4*k - 12 + 0 = 0. Suppose -5*l + k + 82 = 0. What are the prime factors of l?
17
Suppose -m - 764 = -5*u, 3*u - 292 - 152 = -3*m. What are the prime factors of u?
2, 19
Suppose -2*j + 0 = -8. Suppose j*u - 38 - 6 = 0. List the prime factors of u.
11
Suppose 70 = -q - 4*q. List the prime factors of 6/q - (-470)/35.
13
Let i(v) = v**3 - 2*v**2 - 3*v - 1. Let u be i(4). Suppose -106 - u = -5*q. List the prime factors of q.
5
Let o = 375 + -72. List the prime factors of o.
3, 101
Let p(o) = -o**2 - 8*o - 5. Let s(y) = -3*y - 1 + 3 + y**2 - 2*y**2 + y. Let l be s(2). List the prime factors of p(l).
7
What are the prime factors of ((-2)/6)/(595/(-588) - -1)?
2, 7
Let f be (-8)/(-12) + (-32)/(-6). What are the prime factors of 32/(-6)*(-9 + f)?
2
Let c(v) be the first derivative of -v**2 - v + 2. What are the prime factors of c(-5)?
3
Let t = 15 - 18. Let c = t + 18. List the prime factors of c.
3, 5
Suppose -p - 5*n = -5*p + 32, -4*n - 13 = p. Suppose 0 = s - 3*l - l + 19, -p*s = 3*l - 3. What are the prime factors of 48/s*(-9)/12?
2, 3
Let r be (-11)/(-3) - 2/(-6). Suppose -4*p = 4*y - 128, -3*p - 5 = -r*p. Suppose 3*u = 3*q + y, 3*q + q = -5*u. What are the prime factors of u?
2
Let n(t) = 5*t. Let c be n(4). Let k(i) = -i**3 - 7*i**2 - 4. Let r be k(-7). Let o = c + r. What are the prime factors of o?
2
Suppose -9*t = -5*t + 292. List the prime factors of (-7)/21 + t/(-3).
2, 3
Suppose -7 = -f - 4. List the prime factors of f.
3
Suppose 6*v = 3*v + 93. List the prime factors of v.
31
Suppose 2*t + 2 = -2, 4*h - 172 = 2*t. What are the prime factors of h?
2, 3, 7
Let u be (-8)/(-3) + (-4)/6. Let x = 10 + u. What are the prime factors of (114/x)/(1/2)?
19
Suppose 2*k + 0*j - 100 = 3*j, -5*k + 250 = -4*j. List the prime factors of k.
2, 5
Suppose -b = 3*o - 4*o - 44, -5*b - 5*o + 200 = 0. What are the prime factors of b?
2, 3, 7
Suppose 0 = -5*u - 4*x + 6, -3*x + 7 = 5*u - 0. Suppose 2*c = z, 9 = -u*z - 5*c - 9. Let p = 8 + z. List the prime factors of p.
2
Let m(a) = 6*a - 4. Let v be m(3). List the prime factors of v*2/4*1.
7
Let w(j) = -j - 5. Let n be w(-5). Suppose n = 5*c + 3*q + 13 - 58, 3*c - 13 = q. List the prime factors of c.
2, 3
Let o(b) be the second derivative of b**4/12 - 5*b**3/6 + b**2 - b. Let s be o(4). What are the prime factors of 7 - (1 + s/(-2))?
5
Let v be 1 + (-1 - 1) - 22. Let o = -3 - v. Let w = o - 12. List the prime factors of w.
2
Let k(w) = -w**3 - 4*w**2 + 6*w + 6. Let l be k(-5). List the prime factors of (0/l - 4)/(-1).
2
Let n(q) = -q**3 - 8*q**2 - 3*q + 2. Let a be n(-7). Let t = a - -59. What are the prime factors of t?
3, 11
Suppose -11*d - 25 = -16*d. Suppose -4*z = -3*z - 3*p - 28, 5*z = -d*p + 100. List the prime factors of z.
2, 11
Let d(p) = -p**3 - 3*p**2 - 9*p - 24. What are the prime factors of d(-7)?
5, 47
Let z(g) = 0 - 4 + 1 + 2*g. What are the prime factors of z(4)?
5
Let x = 33 - 17. What are the prime factors of x?
2
Suppose 5*r = 3*c - 115, -4*r - 5*c - 75 = r. Suppose 3*s = -67 - 221. What are the prime factors of s/r - 1/(-5)?
5
Suppose 0*k - 4*k + 416 = 0. Let t be (2 - 1)/(4/k). List the prime factors of -2 + 0 - t/(-2).
11
Suppose 0 = -18*v + 7*v + 1397. What are the prime factors of v?
127
Suppose 0 = 5*o - 5*d + 30, 3*d - 12 + 1 = 2*o. Let i be 4/10 - (-88)/5. Let x = i + o. What are the prime factors of x?
11
Let d(w) = 2*w + 5. Suppose -5*c = -2*c + 4*i - 11, i = -2*c + 9. What are the prime factors of d(c)?
3, 5
Suppose -3*r + 9 - 3 = 0. Let v be r - 4*2/(-4). Suppose -v*s - n = -67, -3*s + 70 - 1 = -3*n. What are the prime factors of s?
2, 3
Let i be (-100)/(-8)*(-6)/(-5). Let n = i - 9. What are the prime factors of (-2 + -3)/((-2)/n)?
3, 5
Let b(w) = -w**3 + 7. Let j be (0 - 0) + 0 - 0. Let o be b(j). Let i(v) = v. What are the prime factors of i(o)?
7
Let m = 60 + -40. Suppose 6*d - 40 = -b + d, -b = d - m. What are the prime factors of b?
3, 5
Let a = 12 - 18. Let k(z) = -6*z - z**2 - z - z + 3. List the prime factors of k(a).
3, 5
Suppose -4*c + 30 = -402. List the prime factors of c.
2, 3
Let q be (-2)/(69/67 - 1). Let l = q - -94. List the prime factors of 2 - l/(-3) - -1.
2, 3
Suppose -2*z - 2 - 4 = 0, -5*z = -2*c + 53. List the prime factors of c.
19
Let r be (-20)/(-25)*(0 + 150). Let g = r - 72. List the prime factors of g.
2, 3
Let z(i) = i**2 - 5*i - 2. Let h be z(5). List the prime factors of (2 + -1)*-2*h.
2
Suppose 70 = -3*b + 5*b. What are the prime factors of b?
5, 7
List the prime factors of 4/22 + 4638/22.
211
Let i = -4 - -7. Suppose i*r = 3*p + 18, 3*p = -r + 2*r + 2. List the prime factors of r.
2, 5
Suppose 4*a - 15 = c - 6, -4*a - 3 = -5*c. List the prime factors of a.
3
Let i be 0/(-1)*(-3)/6. Suppose k + 0*k + 5*u = 16, i = k - 4*u - 16. List the prime factors of k.
2
Suppose -2*k + 19 = 5*t, -6*k + 2*k + 5 = -t. Suppose -2*s + c = -s - 10, -k*s = 2*c - 16. What are the prime factors of s?
3
Let t be (-1)/3 + (-100)/(-12). Let i(w) = w**2 - 8*w + 7. List the prime factors of i(t).
7
What are the prime factors of -3*(40/(-12) + 4) - -143?
3, 47
Let x = -5 - -8. Suppose x*k - f - 13 = 0, k - f = -6*f - 17. Suppose 3*s + 2*v -